nder when 71 is divided by o?
14
Suppose 0 = -2*w + 4*o + 310, 2*o + 165 = -8*w + 1477. Calculate the remainder when w is divided by 37.
15
Calculate the remainder when 54 is divided by 92/138 - 103/(-3).
19
Calculate the remainder when 1/(3/35) - (-10)/30 is divided by 7.
5
Let b be -5 + 22/11 + -7. Let d = 7 + -1. Calculate the remainder when 15/d*(-68)/b is divided by 10.
7
Let c be (6 + 0 + -1)*-1. Let s be (-10 - -7)*c/3. Calculate the remainder when 80 is divided by (-9)/s*(-120)/8.
26
Let d(n) = n**2 + 20*n - 55. Suppose -2*a = -7 - 71. Calculate the remainder when a is divided by d(-23).
11
Let h = 39 + -30. Let q = h + 10. Calculate the remainder when 94 is divided by q.
18
Let v(t) = t**2 - 7*t - 11. Let s be v(8). Let y(h) = -h + 1. Calculate the remainder when -3 + (-220)/(-70) - (-90)/7 is divided by y(s).
1
Suppose -626 - 1654 = -8*k. Suppose 4*u + 53 = k. Calculate the remainder when u is divided by 30.
28
Suppose 3*n + 2*i - 83 = 0, 4*i - 112 = -4*n + i. Let g = 30 - n. What is the remainder when 32 is divided by g?
2
Suppose 122 = -3*c + 131. Calculate the remainder when -1 + 35*(-6)/(-9)*c is divided by 18.
15
Let t(x) = -x**3 + 8*x**2 + 3*x + 12. Let n = -6 - 8. Let u = n - -33. What is the remainder when t(8) is divided by u?
17
Suppose 0 = -v + 3*v - 5*t - 20, -4*v = -5*t - 30. Suppose v*z + 20 = -5*x, -10 = -0*x - 2*x + 4*z. What is the remainder when (-11)/x + -6 + 3 is divided by 5?
3
Let a = 9 - 4. Suppose -2*o + 33 = a. Let n(q) = 2*q**2 - 12*q - 10. Calculate the remainder when o is divided by n(7).
2
Suppose 3*u - 2*a - 24 = 0, -4*u - 4*a = -a - 49. Let r(c) = -3*c - c - c + c + u. Calculate the remainder when r(-6) is divided by 12.
10
Let z(x) = 2*x + 139. Calculate the remainder when z(0) is divided by 20.
19
Let l(c) = -4*c - 5. Let h be l(-21). Let u = -5 + 27. Suppose -j = 4*z - h, 0 = -3*z + 4*z - 2*j - u. What is the remainder when 78 is divided by z?
18
Suppose 4*p = -63 + 107. Calculate the remainder when 31 is divided by p.
9
Let u be ((-540)/(-315))/((-4)/(-14)). What is the remainder when 109 is divided by 4/6*(-87)/u*-3?
22
What is the remainder when (-322)/(-12 - -7 - -3) is divided by 57?
47
Suppose 3*v - 3*j - 32 = 151, 5*v + 3*j = 265. Calculate the remainder when v is divided by 4.
0
Let i = -14 + 17. Suppose 2*v + i*v - 15 = 0. Suppose -6 = -v*j + 18. Calculate the remainder when 23 is divided by j.
7
Suppose -4*r = -1192 + 352. Suppose 6*t = t + r. What is the remainder when t is divided by 11?
9
Calculate the remainder when ((-30)/4 - -6)*(-1 - 177) is divided by 51.
12
Suppose 4*i - 48 = -2*k + 4*k, k + 44 = 4*i. What is the remainder when 136 is divided by i?
6
Suppose 0 = 3*f - 3, 0*j - j + 4*f = 18. Let c = -6 - j. Let d = c + 13. Calculate the remainder when 82 is divided by d.
19
Suppose 259 - 91 = 4*h. Calculate the remainder when 117 is divided by h.
33
What is the remainder when 90 is divided by -1 + (-2 + 33 - -1)?
28
Suppose 4*w + 7 = 3*a, -a - a + 4 = -3*w. Let z be ((-424)/(-16))/(3/((-12)/2)). Let h = 55 + z. What is the remainder when a is divided by h?
1
Suppose 2*k + 2 - 10 = 0. Suppose 5*g + k*w - 81 = 0, -5*w + 30 + 16 = 2*g. What is the remainder when 62 is divided by g?
10
Suppose 2*r - 876 = -4*y, 0 = -6*y + y + 2*r + 1113. What is the remainder when y is divided by 15?
11
Suppose -178*b + 187*b = 10557. What is the remainder when b is divided by 24?
21
Suppose -w = -0*w - 3*b - 29, 3*b + 89 = 4*w. Let v = -116 - -100. Calculate the remainder when (74/(-6))/(v/48) is divided by w.
17
Let r = 13 - 1. Calculate the remainder when (-12 - -8)*34/(-4) is divided by r.
10
Suppose 3*a - 3*h - 762 = 0, -3*a + 0*a = 2*h - 757. What is the remainder when a is divided by 114?
25
Suppose -4*d - 7*v + 7 = -10*v, -11 = -5*d + 3*v. Calculate the remainder when 123 is divided by d.
3
Let x(f) = 12*f + 1. Suppose -292 = 2080*m - 2084*m. Calculate the remainder when m is divided by x(2).
23
Suppose 45029 - 16719 = 95*h. Calculate the remainder when h is divided by 104.
90
Suppose -54*b + 58*b = -156. Let c = 49 + b. What is the remainder when 39 is divided by c?
9
Suppose 4*o = 3*b - 7, 0 = b + 3*b - 20. Suppose 0 = o*z + z - 6. Suppose 0 = -g + z*k + 27, 9*g - 171 = 4*g + k. What is the remainder when g is divided by 9?
8
Suppose 2*r + 4*y - 30 = 0, -8*y - 15 = -r - 7*y. Suppose -3*u + 2*b + 171 = 0, -4*u = 2*b - 3*b - 228. Calculate the remainder when u is divided by r.
12
Suppose -506*n - 1700 = -510*n. Calculate the remainder when n is divided by 31.
22
Let d(p) = -p**3 - 31*p**2 + 61*p + 4. Calculate the remainder when d(-33) is divided by 57.
55
Let c(q) = -3*q + 12. Let t = 26 - 36. Let n(z) = 2*z**2 + z + 1. What is the remainder when c(t) is divided by n(2)?
9
Suppose 2*t = -k - 2 + 9, -k + 1 = -t. Suppose j + k*j = 384. What is the remainder when j is divided by 33?
30
Suppose 12*k + 2 = 13*k. Let n(a) = a**3 + 3*a**2 - 2*a + 3. Let r(i) = 73*i**3 + i**2. What is the remainder when r(1) is divided by n(k)?
17
Let c be (138/(-108) - 2/9)*-2. Suppose 6 = -c*j, 0 = 2*l + 3*j - 5*j - 76. What is the remainder when l is divided by 19?
17
Suppose -1 = -5*g + 3*u + 112, 2*u = -2. What is the remainder when (1/(-3))/((-1)/249) is divided by g?
17
Suppose 6*r + 5*r = 165. Calculate the remainder when 70 is divided by r.
10
Let d(t) = -2*t - 15. Suppose -3*f = -f. Let y be d(f). Let b = y + 23. What is the remainder when 22 is divided by b?
6
Let g be (216/10)/(5/(-25)). Let y = 157 + g. Suppose z + 0 - 26 = 0. Calculate the remainder when y is divided by z.
23
Let i(x) = -x**2 + 2*x + 2. Let o be i(-1). What is the remainder when 41 is divided by -2*(-22)/4 - (o + 5)?
6
Let f = 196 + -103. Suppose -12*h + 72 = -9*h. What is the remainder when f is divided by h?
21
Suppose 0 = -w - 47 + 50. Suppose -w*c + 383 = 2*z, -508 = -4*c - 0*c - 4*z. What is the remainder when c is divided by 22?
19
Suppose 18 = 2*h - 2*q, 2*q - 6*q = h - 9. What is the remainder when 31 is divided by h?
4
Suppose c - 47 = -4*t, 13 = -2*t + 11. Let b = 26 - 17. Calculate the remainder when c is divided by b.
6
Let a = -19 - -12. Let q(r) = -9*r - 8. Let z(g) = 16*g**2 - 4*g + 2. What is the remainder when q(a) is divided by z(1)?
13
Calculate the remainder when 37 - ((-6)/(-8))/((-45)/(-120)) is divided by (1/(-2))/((-2)/52).
9
Suppose 3*u + 3*k + 34 - 85 = 0, 0 = -2*u - 5*k + 37. Calculate the remainder when (9/(-2))/((-12)/u) is divided by 4.
2
Let w = 424 - 281. What is the remainder when w is divided by 36?
35
Let k = -13 + 70. Suppose 6*i + 77 = 167. What is the remainder when k is divided by i?
12
Calculate the remainder when 45 is divided by 63/18*16/7.
5
Let z = 87 + -74. Let o = 72 + -48. What is the remainder when o is divided by z?
11
Let h(s) = s**2 + 19*s + 6. Let l be h(-17). Let u = -24 - l. What is the remainder when u is divided by 7/14 - 3/(-2)?
0
Suppose 9*w = 4*v + 11*w - 86, 3*w + 39 = v. Calculate the remainder when v is divided by 7 - (2 - 3)*2.
6
Suppose -115*j + 48*j + 8308 = 0. What is the remainder when 490 is divided by j?
118
Let j be -7 - (-3)/((-4)/(-4)). Let q(w) = w**3 + 5*w**2 - w + 5. Let c be q(j). Calculate the remainder when 532/10 + (-5)/c is divided by 19.
15
What is the remainder when 173 is divided by 6 + -2 + -7 + (-94)/(-2)?
41
Let y(k) = k**3 - 6*k**2 - 6*k + 2. Let n(a) = 2*a**2 + 43*a + 25. Let q be n(-10). Let v = q - -210. Calculate the remainder when y(7) is divided by v.
4
Suppose -68 = 3*z - 107. Calculate the remainder when 51 is divided by z.
12
Let u = -17 + 67. Let s = u - 38. Calculate the remainder when s is divided by 3.
0
Let m(b) = b + 17. Let j be m(-15). Suppose -j*d + 19 = -1. What is the remainder when 48 is divided by d?
8
Suppose 31 = 2*f - f. Let c = 28 - 17. Calculate the remainder when f is divided by c.
9
Suppose -3*c + 43 + 2 = 0. What is the remainder when ((-4)/5)/((-18)/990) is divided by c?
14
Suppose -47*u - 14*u = -31781. Calculate the remainder when u is divided by 21.
17
Suppose -143 = -4*m + 5*b, -4*b - 54 = -5*m + 127. Calculate the remainder when 67 is divided by m.
30
Suppose 2*b + 256 + 232 = 0. Let c = -145 - b. What is the remainder when c is divided by 10?
9
Let c(k) = -k**2 + k. Let m(b) = -3*b**2 - 7*b + 2. Let f(z) = 2*c(z